4) to base 9
-23680
Convert 1010011000101 (base 2) to base 7.
21334
What is -1110001011110 (base 2) in base 10?
-7262
Convert -11c2 (base 14) to base 7.
-12032
-1ad (base 16) to base 12
-2b9
1000012 (base 3) to base 7
2066
What is -10201111 (base 3) in base 16?
-a99
Convert -949 (base 16) to base 6.
-15001
What is 10010220 (base 4) in base 5?
1013210
What is 22003 (base 8) in base 10?
9219
-69078 (base 10) to base 15
-15703
-8a57 (base 14) to base 3
-1012220111
Convert -1217 (base 9) to base 7.
-2434
What is 465 (base 7) in base 15?
113
What is -32179 (base 12) in base 10?
-65901
Convert 380 (base 14) to base 7.
2020
Convert 2000220 (base 4) to base 7.
33000
-48 (base 12) to base 14
-40
79ac (base 14) to base 13
97cc
764 (base 10) to base 3
1001022
Convert -1877 (base 10) to base 3.
-2120112
What is 32111 (base 4) in base 14?
497
-27623 (base 9) to base 10
-18732
1622 (base 11) to base 10
2081
34553 (base 6) to base 2
1001101100101
Convert -10122020 (base 3) to base 12.
-1650
What is 10100110101001 (base 2) in base 10?
10665
What is -2aa (base 13) in base 9?
-581
Convert -5f1 (base 16) to base 13.
-900
What is 340 (base 7) in base 3?
20111
1010111110 (base 2) to base 7
2022
Convert 3 (base 16) to base 11.
3
Convert -141b (base 14) to base 12.
-2081
What is 11977 (base 10) in base 12?
6b21
-21515 (base 6) to base 13
-1499
Convert -501 (base 7) to base 4.
-3312
2210102211 (base 3) to base 4
31123102
Convert 1112253 (base 6) to base 5.
3300030
What is 112010 (base 4) in base 9?
1838
Convert -201333 (base 4) to base 8.
-4177
What is -2021100 (base 3) in base 12?
-b60
Convert -10011100 (base 2) to base 6.
-420
What is -13010 (base 7) in base 2?
-110101101101
Convert 133 (base 16) to base 14.
17d
-3204 (base 6) to base 15
-334
What is -3012013 (base 4) in base 6?
-134411
-765 (base 8) to base 4
-13311
63 (base 16) to base 8
143
What is -142134 (base 6) in base 7?
-54133
Convert -1284 (base 9) to base 12.
-687
Convert -811 (base 13) to base 5.
-20431
What is 2100121 (base 3) in base 10?
1717
Convert b5a9 (base 13) to base 12.
1267b
What is -644 (base 15) in base 3?
-1221101
-a160 (base 16) to base 10
-41312
Convert 690 (base 10) to base 13.
411
Convert 10103 (base 4) to base 15.
135
What is -66e (base 15) in base 11?
-1102
664 (base 7) to base 12
244
What is -10000111000111 (base 2) in base 8?
-20707
What is 15350 (base 8) in base 6?
51520
Convert 10001111110001 (base 2) to base 9.
13553
Convert -22313323 (base 4) to base 7.
-243565
What is -100110100010 (base 2) in base 13?
-1179
Convert 141a (base 12) to base 6.
14434
12f4 (base 16) to base 7
20101
-239 (base 11) to base 2
-100011100
Convert -7201 (base 9) to base 10.
-5266
-2232011 (base 4) to base 9
-16248
What is a577 (base 12) in base 8?
43253
What is -2462 (base 8) in base 11?
-aaa
Convert 16725 (base 9) to base 4.
2310011
3792 (base 13) to base 5
223033
Convert 1622 (base 9) to base 6.
5415
Convert 25dd (base 14) to base 2.
1101000000111
What is -1b6bc (base 13) in base 12?
-27235
101111122 (base 3) to base 2
1110111101010
5632 (base 9) to base 5
113120
Convert 2c4 (base 16) to base 5.
10313
1265 (base 9) to base 10
950
Convert 1011102 (base 4) to base 8.
10522
Convert -534 (base 6) to base 8.
-312
What is 12421 (base 5) in base 2?
1111011010
7d4 (base 15) to base 2
11011101110
-314122 (base 5) to base 9
-15407
What is -28 (base 15) in base 11?
-35
-24654 (base 7) to base 8
-14553
Convert 33 (base 9) to base 5.
110
Convert -4130 (base 10) to base 5.
-113010
Convert -874 (base 13) to base 5.
-21242
Convert -3230 (base 12) to base 16.
-1584
Convert 2042 (base 9) to base 5.
21441
Convert 36 (base 13) to base 5.
140
-b9 (base 16) to base 12
-135
Convert -37618 (base 9) to base 16.
-62c9
-103141 (base 7) to base 16
-45fa
-5aca (base 13) to base 7
-52303
Convert -1e1 (base 16) to base 7.
-1255
6902 (base 11) to base 14
3445
What is -63d (base 15) in base 10?
-1408
What is 2497 (base 15) in base 7?
31501
20945 (base 12) to base 14
11869
-60a3 (base 13) to base 14
-4bd1
4825 (base 9) to base 4
320003
Convert -25526 (base 7) to base 4.
-1221332
Convert -1000011011 (base 2) to base 16.
-21b
What is -52 (base 16) in base 8?
-122
What is 55 (base 9) in base 11?
46
Convert 323 (base 9) to base 4.
10020
What is 287 (base 9) in base 4?
3301
-715a (base 13) to base 12
-905b
Convert -100544 (base 6) to base 11.
-5aa9
What is -132410 (base 6) in base 11?
-9223
What is 22331 (base 4) in base 16?
2bd
-211 (base 8) to base 15
-92
What is -4137 (base 16) in base 6?
-205143
What is -142 (base 14) in base 5?
-2004
Convert -2341 (base 7) to base 6.
-3554
15520 (base 8) to base 11
5287
Convert -10 (base 2) to base 10.
-2
2667 (base 11) to base 14
1393
Convert 1525 (base 7) to base 13.
379
Convert -1445 (base 6) to base 15.
-1ae
1662 (base 9) to base 15
59b
Convert -1b44 (base 12) to base 16.
-d24
What is 2233 (base 9) in base 3?
2021010
-425 (base 8) to base 5
-2102
Convert -1100110010 (base 2) to base 7.
-2246
Convert -35678 (base 10) to base 13.
-13316
What is 300020 (base 4) in base 13?
152c
Convert 46b (base 13) to base 16.
2fd
Convert -42978 (base 10) to base 8.
-123742
What is 7290 (base 10) in base 15?
2260
-5535 (base 7) to base 4
-133002
-2522 (base 7) to base 14
-4b9
What is -11010101 (base 2) in base 10?
-213
What is 2033240 (base 5) in base 8?
101442
What is -23223 (base 4) in base 14?
-3b5
3682 (base 12) to base 13
2a4a
What is -885 (base 10) in base 9?
-1183
Convert -17369 (base 11) to base 10.
-24396
2184 (base 12) to base 8
7164
Convert -140a (base 14) to base 13.
-17c2
Convert 773 (base 9) to base 12.
449
What is -4d21 (base 15) in base 3?
-211120111
What is -1165 (base 7) in base 8?
-667
Convert -10201121 (base 3) to base 14.
-dc0
What is -544 (base 13) in base 12?
-631
Convert 4351 (base 13) to base 3.
110211201
Convert 1554 (base 6) to base 16.
1ae
-11111000010111 (base 2) to base 14
-5b15
-8b (base 12) to base 10
-107
Convert 101111111 (base 2) to base 9.
465
113000 (base 7) to base 14
7537
-1a9 (base 14) to base 7
-1002
Convert 1552 (base 13) to base 4.
300211
What is -5177 (base 12) in base 15?
-296a
Convert -d87b (base 14) to base 16.
-91e5
Convert -6715 (base 9) to base 6.
-34535
-3296 (base 10) to base 13
-1667
-5320 (base 6) to base 11
-9a1
What is 412421 (base 5) in base 3?
200111111
-608c (base 13) to base 11
-9a9a
413 (base 6) to base 9
180
3020 (base 10) to base 15
d65
Convert 1044 (base 8) to base 3.
202022
What is 34d5 (base 14) in base 8?
21763
-1d29 (base 15) to base 6
-45203
What is -85f (base 16) in base 12?
-12a7
28926 (base 12) to base 2
1101110100101110
-712 (base 14) to base 10
-1388
What is -2b48 (base 14) in base 7?
-31321
Convert 26403 (base 11) to base 12.
19a23
Convert 3a5 (base 16) to base 13.
56a
Convert -40b (base 13) to base 14.
-371
-1021010220 (base 3) to base 6
-311123
1422 (base 7) to base 8
1053
What is 1631 (base 12) in base 2?
101001000101
What is 165 (base 16) in base 8?
545
-105635 (base 7) to base 5
-1100332
-10111100100 (base 2) to base 3
-2001212
Convert -15622 (base 8) to base 9.
-10612
Convert -5a9 (base 12) to base 16.
-351
Convert 111011100011 (base 2) to base 7.
14053
What is 235264 (base 7) in base 13?
1656a
24b7 (base 13) to base 9
7140
2112111 (base 3) to base 11
1431
What is 200125 (base 7) in base 3?
1201012111
Convert 56d0 (base 15) to base 3.
221021020
Convert -9605 (base 10) to base 5.
-301410
Convert -b20 (base 13) to base 12.
-1111
What is 86a6 (base 12) in base 11?
10148
d6b9 (base 14) to base 12
19503
What is 10110000011 (base 2) in base 6?
10311
Convert -1528 (base 10) to base 9.
-2077
10010010112 (base 3) to base 15
1328b
What is -1000111111 (base 2) in base 8?
-1077
15177 (base 8) to base 7
25530
What is -1b45 (base 12) in base 10?
-3365
4145 (base 7) to base 14
75c
What is 106a (base 16) in base 14?
1762
What is -1995 (base 15) in base 13?
-26a2
-200201 (base 4) to base 7
-6032
8 (base 15) to base 14
8
Convert 222143 (base 5) to base 15.
249d
Convert -200020020 (base 3) to base 11.
-9a92
6225 (base 9) to base 10
4559
What is 404 (base 14) in base 4?
30110
341423 (base 5) to base 7
50213
3001111 (base 4) to base 14
471b
1223 (base 4) to base 12
8b
925 (base 13) to base 11
1191
What is -2c90 (base 16) in base 11?
-8631
What is 584 (b